{"id":295265,"date":"2024-10-22T11:12:25","date_gmt":"2024-10-22T09:12:25","guid":{"rendered":"https:\/\/chulointeriors.com\/?post_type=product&#038;p=295265"},"modified":"2024-10-22T11:17:07","modified_gmt":"2024-10-22T09:17:07","slug":"plato-de-desayuno-blanco-negro-variacion-3-de","status":"publish","type":"product","link":"https:\/\/chulointeriors.com\/es\/product\/plato-de-desayuno-blanco-negro-variacion-3-de\/","title":{"rendered":"Plato de Desayuno Blanco\/Negro Variaci\u00f3n 3 D\u00e9"},"content":{"rendered":"<p><b>Plato de Desayuno Blanco\/Negro Variaci\u00f3n 3 D\u00e9 \u2013 Colecci\u00f3n D\u00e9 de Ann Demeulemeester<\/b><b><\/b><\/p>\n<p>El <b>plato de desayuno Blanco\/Negro Variaci\u00f3n 3 D\u00e9<\/b>, de la <b>colecci\u00f3n D\u00e9<\/b> de <b>Ann Demeulemeester<\/b>, aporta una expresi\u00f3n art\u00edstica sofisticada a tu mesa. Inspirado en el juego de <b>claroscuro<\/b>\u2014luz y sombra\u2014este plato captura bellamente la esencia del estilo caracter\u00edstico de <b>Demeulemeester<\/b>. Cada pieza es como una pintura de sombras en porcelana, combinando tonos claros y oscuros para crear una mesa visualmente impactante.<\/p>\n<p>Con unas dimensiones de <b>17.5 cm de largo y ancho, y 0.9 cm de alto<\/b>, este <b>plato de porcelana<\/b> presenta un <b>acabado esmaltado<\/b> que le otorga un aspecto suave y elegante. No solo es hermoso, sino tambi\u00e9n altamente pr\u00e1ctico, ya que es <b>apto para lavavajillas<\/b>, <b>apto para microondas<\/b> y <b>resistente al horno<\/b> hasta <b>200\u00b0C<\/b>. El proceso de acabado a mano a\u00f1ade unicidad a cada plato, ya que las peque\u00f1as irregularidades son parte de su car\u00e1cter especial.<\/p>\n<ul>\n<li><b>Dimensiones<\/b>: Largo \u2013 17.5 cm, Ancho \u2013 17.5 cm, Alto \u2013 0.9 cm<\/li>\n<li><b>Material<\/b>: Porcelana de Alta Calidad<\/li>\n<li><b>Acabado<\/b>: Esmaltado<\/li>\n<li><b>Caracter\u00edsticas<\/b>: Apto para Lavavajillas, Apto para Microondas, Resistente al Horno (hasta 200\u00b0C), Apto para Alimentos<\/li>\n<li><b>Nota<\/b>: Las piezas terminadas a mano pueden presentar ligeras irregularidades, lo que forma parte de su car\u00e1cter \u00fanico.<\/li>\n<\/ul>\n<p>Abraza el arte de la gastronom\u00eda con el <b>plato de desayuno Blanco\/Negro Variaci\u00f3n 3 D\u00e9<\/b>, un equilibrio perfecto entre elegancia, artesan\u00eda y dise\u00f1o moderno.<\/p>\n","protected":false},"excerpt":{"rendered":"<p>Plato de Desayuno Blanco\/Negro Variaci\u00f3n 3 D\u00e9 \u2013 Colecci\u00f3n D\u00e9 de Ann Demeulemeester El plato de desayuno Blanco\/Negro Variaci\u00f3n 3 D\u00e9, de la colecci\u00f3n D\u00e9 de Ann Demeulemeester, aporta una expresi\u00f3n art\u00edstica sofisticada a tu mesa. Inspirado en el juego de claroscuro\u2014luz y sombra\u2014este plato captura bellamente la esencia del estilo caracter\u00edstico de Demeulemeester. Cada [&hellip;]<\/p>\n","protected":false},"featured_media":295267,"comment_status":"open","ping_status":"closed","template":"","meta":{"_et_pb_use_builder":"","_et_pb_old_content":"","_et_gb_content_width":""},"product_brand":[],"product_cat":[779],"product_tag":[],"class_list":{"0":"post-295265","1":"product","2":"type-product","3":"status-publish","4":"has-post-thumbnail","6":"product_cat-placas","8":"first","9":"instock","10":"shipping-taxable","11":"purchasable","12":"product-type-simple"},"_links":{"self":[{"href":"https:\/\/chulointeriors.com\/es\/wp-json\/wp\/v2\/product\/295265","targetHints":{"allow":["GET"]}}],"collection":[{"href":"https:\/\/chulointeriors.com\/es\/wp-json\/wp\/v2\/product"}],"about":[{"href":"https:\/\/chulointeriors.com\/es\/wp-json\/wp\/v2\/types\/product"}],"replies":[{"embeddable":true,"href":"https:\/\/chulointeriors.com\/es\/wp-json\/wp\/v2\/comments?post=295265"}],"wp:featuredmedia":[{"embeddable":true,"href":"https:\/\/chulointeriors.com\/es\/wp-json\/wp\/v2\/media\/295267"}],"wp:attachment":[{"href":"https:\/\/chulointeriors.com\/es\/wp-json\/wp\/v2\/media?parent=295265"}],"wp:term":[{"taxonomy":"product_brand","embeddable":true,"href":"https:\/\/chulointeriors.com\/es\/wp-json\/wp\/v2\/product_brand?post=295265"},{"taxonomy":"product_cat","embeddable":true,"href":"https:\/\/chulointeriors.com\/es\/wp-json\/wp\/v2\/product_cat?post=295265"},{"taxonomy":"product_tag","embeddable":true,"href":"https:\/\/chulointeriors.com\/es\/wp-json\/wp\/v2\/product_tag?post=295265"}],"curies":[{"name":"wp","href":"https:\/\/api.w.org\/{rel}","templated":true}]}}

Plato de Desayuno Blanco/Negro Variación 3 Dé

<p><b>Plato de Desayuno Blanco/Negro Variación 3 Dé – Colección Dé de Ann Demeulemeester</b><b></b></p>
<p>El <b>plato de desayuno Blanco/Negro Variación 3 Dé</b>, de la <b>colección Dé</b> de <b>Ann Demeulemeester</b>, aporta una expresión artística sofisticada a tu mesa. Inspirado en el juego de <b>claroscuro</b>—luz y sombra—este plato captura bellamente la esencia del estilo característico de <b>Demeulemeester</b>. Cada pieza es como una pintura de sombras en porcelana, combinando tonos claros y oscuros para crear una mesa visualmente impactante.</p>
<p>Con unas dimensiones de <b>17.5 cm de largo y ancho, y 0.9 cm de alto</b>, este <b>plato de porcelana</b> presenta un <b>acabado esmaltado</b> que le otorga un aspecto suave y elegante. No solo es hermoso, sino también altamente práctico, ya que es <b>apto para lavavajillas</b>, <b>apto para microondas</b> y <b>resistente al horno</b> hasta <b>200°C</b>. El proceso de acabado a mano añade unicidad a cada plato, ya que las pequeñas irregularidades son parte de su carácter especial.</p>
<ul>
<li><b>Dimensiones</b>: Largo – 17.5 cm, Ancho – 17.5 cm, Alto – 0.9 cm</li>
<li><b>Material</b>: Porcelana de Alta Calidad</li>
<li><b>Acabado</b>: Esmaltado</li>
<li><b>Características</b>: Apto para Lavavajillas, Apto para Microondas, Resistente al Horno (hasta 200°C), Apto para Alimentos</li>
<li><b>Nota</b>: Las piezas terminadas a mano pueden presentar ligeras irregularidades, lo que forma parte de su carácter único.</li>
</ul>
<p>Abraza el arte de la gastronomía con el <b>plato de desayuno Blanco/Negro Variación 3 Dé</b>, un equilibrio perfecto entre elegancia, artesanía y diseño moderno.</p>

<p>Plato de Desayuno Blanco/Negro Variación 3 Dé – Colección Dé de Ann Demeulemeester El plato de desayuno Blanco/Negro Variación 3 Dé, de la colección Dé de Ann Demeulemeester, aporta una expresión artística sofisticada a tu mesa. Inspirado en el juego de claroscuro—luz y sombra—este plato captura bellamente la esencia del estilo característico de Demeulemeester. Cada [&hellip;]</p>
